What is the thousands digit of 111471153?
1
What is the tens digit of 13558491?
9
What is the tens digit of 459752902?
0
What is the hundred millions digit of 146629695?
1
What is the hundred millions digit of 1481990240?
4
What is the thousands digit of 2262589200?
9
What is the ten thousands digit of 58296840?
9
What is the hundred thousands digit of 5935235?
9
What is the tens digit of 378833?
3
What is the thousands digit of 754114600?
4
What is the ten millions digit of 74116248?
7
What is the ten millions digit of 54584111?
5
What is the millions digit of 3327942987?
7
What is the millions digit of 127197332?
7
What is the ten thousands digit of 250276650?
7
What is the millions digit of 15367087?
5
What is the ten millions digit of 152250523?
5
What is the tens digit of 1229011419?
1
What is the hundred millions digit of 922070434?
9
What is the ten millions digit of 93624393?
9
What is the ten millions digit of 614578397?
1
What is the units digit of 81249558?
8
What is the millions digit of 52016634?
2
What is the hundreds digit of 365257?
2
What is the millions digit of 71640005?
1
What is the hundreds digit of 141339734?
7
What is the millions digit of 64768726?
4
What is the ten thousands digit of 18207209?
0
What is the units digit of 362326819?
9
What is the hundreds digit of 283886828?
8
What is the tens digit of 11557121?
2
What is the units digit of 319053591?
1
What is the hundred thousands digit of 514449582?
4
What is the millions digit of 12353951?
2
What is the millions digit of 42328448?
2
What is the ten thousands digit of 2215990610?
9
What is the hundred thousands digit of 1995841388?
8
What is the ten millions digit of 13439763?
1
What is the ten thousands digit of 243614442?
1
What is the units digit of 1610565234?
4
What is the hundred thousands digit of 223917378?
9
What is the hundred millions digit of 2214723443?
2
What is the units digit of 48814735?
5
What is the millions digit of 140483072?
0
What is the hundreds digit of 52138553?
5
What is the hundred thousands digit of 629951794?
9
What is the hundred thousands digit of 66805197?
8
What is the hundred millions digit of 124873017?
1
What is the units digit of 45505206?
6
What is the tens digit of 184274222?
2
What is the hundreds digit of 14287100?
1
What is the tens digit of 228710809?
0
What is the tens digit of 70605678?
7
What is the tens digit of 2388661936?
3
What is the tens digit of 1181415444?
4
What is the millions digit of 22878222?
2
What is the ten thousands digit of 1570585786?
8
What is the hundreds digit of 848621455?
4
What is the hundred thousands digit of 42530017?
5
What is the hundred thousands digit of 30411912?
4
What is the thousands digit of 234940184?
0
What is the hundreds digit of 7248561?
5
What is the hundreds digit of 824783674?
6
What is the thousands digit of 122556835?
6
What is the millions digit of 145339053?
5
What is the millions digit of 1023702546?
3
What is the hundred thousands digit of 93583023?
5
What is the hundred thousands digit of 2860555119?
5
What is the ten millions digit of 213977323?
1
What is the ten millions digit of 132881550?
3
What is the hundred millions digit of 407581486?
4
What is the hundreds digit of 656523964?
9
What is the thousands digit of 429138406?
8
What is the ten thousands digit of 3826465389?
6
What is the hundreds digit of 21516467?
4
What is the units digit of 4228884?
4
What is the hundreds digit of 17315412?
4
What is the hundreds digit of 1201467317?
3
What is the millions digit of 129889882?
9
What is the hundreds digit of 2751043220?
2
What is the thousands digit of 37954186?
4
What is the hundred millions digit of 176087947?
1
What is the units digit of 418845820?
0
What is the ten thousands digit of 991362207?
6
What is the millions digit of 3052611437?
2
What is the ten millions digit of 60086038?
6
What is the ten millions digit of 379489312?
7
What is the ten thousands digit of 4672227761?
2
What is the hundred millions digit of 266579254?
2
What is the ten thousands digit of 22296501?
9
What is the tens digit of 447621585?
8
What is the hundred millions digit of 1962615102?
9
What is the hundred millions digit of 793913291?
7
What is the millions digit of 667397882?
7
What is the millions digit of 839665980?
9
What is the tens digit of 223634152?
5
What is the thousands digit of 655530803?
0
What is the hundred millions digit of 640348027?
6
What is the millions digit of 747140831?
7
What is the hundred thousands digit of 290756962?
7
What is the hundred millions digit of 4433806522?
4
What is the ten thousands digit of 74661388?
6
What is the ten thousands digit of 49846369?
4
What is the millions digit of 499367209?
9
What is the hundred thousands digit of 3262953156?
9
What is the hundred thousands digit of 43707349?
7
What is the thousands digit of 6797791?
7
What is the ten thousands digit of 1091135535?
3
What is the tens digit of 31828888?
8
What is the ten millions digit of 91221901?
9
What is the units digit of 3905668132?
2
What is the tens digit of 5359329266?
6
What is the tens digit of 584756291?
9
What is the hundreds digit of 143754952?
9
What is the hundred thousands digit of 127570623?
5
What is the hundred millions digit of 504716481?
5
What is the hundreds digit of 1474217066?
0
What is the hundred thousands digit of 74772851?
7
What is the hundred thousands digit of 3538343?
5
What is the ten millions digit of 2726149995?
2
What is the hundred thousands digit of 630544604?
5
What is the ten thousands digit of 194335864?
3
What is the hundred millions digit of 313084350?
3
What is the hundred thousands digit of 1192036831?
0
What is the units digit of 50646656?
6
What is the hundreds digit of 1338026482?
4
What is the units digit of 3007337390?
0
What is the ten thousands digit of 21865005?
6
What is the hundred millions digit of 1252536671?
2
What is the ten thousands digit of 1512789227?
8
What is the units digit of 1235866506?
6
What is the millions digit of 35821516?
5
What is the hundreds digit of 81553282?
2
What is the hundred millions digit of 199260349?
1
What is the ten millions digit of 332722480?
3
What is the ten millions digit of 181080298?
8
What is the units digit of 174352553?
3
What is the hundred thousands digit of 464434112?
4
What is the ten thousands digit of 375900751?
0
What is the ten millions digit of 854975859?
5
What is the tens digit of 1385478410?
1
What is the hundreds digit of 4544455152?
1
What is the tens digit of 1011227333?
3
What is the billions digit of 5351009650?
5
What is the units digit of 349824201?
1
What is the billions digit of 5127327521?
5
What is the ten thousands digit of 131043981?
4
What is the units digit of 2776837151?
1
What is the hundreds digit of 699420428?
4
What is the hundred millions digit of 393263280?
3
What is the ten millions digit of 35690439?
3
What is the hundred thousands digit of 49264258?
2
What is the ten millions digit of 57070808?
5
What is the tens digit of 6665004?
0
What is the tens digit of 41530782?
8
What is the hundred thousands digit of 68734229?
7
What is the thousands digit of 27340184?
0
What is the hundred millions digit of 2986374001?
9
What is the ten thousands digit of 92185919?
8
What is the millions digit of 304868122?
4
What is the ten millions digit of 33002269?
3
What is the ten millions digit of 372896301?
7
What is the thousands digit of 214111399?
1
What is the thousands digit of 1890022662?
2
What is the hundred thousands digit of 2374550525?
5
What is the hundred thousands digit of 1350869256?
8
What is the hundred thousands digit of 25286602?
2
What is the tens digit of 6086119?
1
What is the ten thousands digit of 752231579?
3
What is the millions digit of 72846674?
2
What is the hundreds digit of 16433508?
5
What is the millions digit of 66767773?
6
What is the ten thousands digit of 4846205298?
0
What is the thousands digit of 2319568827?
8
What is the millions digit of 28966230?
8
What is the thousands digit of 220908435?
8
What is the millions digit of 11160439?
1
What is the units digit of 749145827?
7
What is the millions digit of 1239204985?
9
What is the ten millions digit of 47702716?
4
What is the thousands digit of 194898830?
8
What is t